{"id":6366,"date":"2025-03-11T15:50:21","date_gmt":"2025-03-11T14:50:21","guid":{"rendered":"https:\/\/hotelrosa.biz\/giardino-multisensoriale.html"},"modified":"2025-07-03T19:43:17","modified_gmt":"2025-07-03T17:43:17","slug":"ogrod-multisensoryczny","status":"publish","type":"page","link":"https:\/\/hotelrosa.biz\/pl\/ogrod-multisensoryczny.html","title":{"rendered":"Ogr\u00f3d Multisensoryczny"},"content":{"rendered":"<p>[vc_row][vc_column][vc_column_text]<\/p>\n<h1 style=\"text-align: center;\"><span style=\"color: #cc9933;\">Ogr\u00f3d Multisensoryczny Hotelu Rosa<\/span><\/h1>\n<p style=\"text-align: justify;\"><b><br \/>\nMultisensoryczne prze\u017cycie dla Go\u015bci Hotelu Rosa:<\/b>dobre samopoczucie i relaks poprzez kontakt z natur\u0105<\/p>\n<p style=\"text-align: justify;\">Nowy multisensoryczny ogr\u00f3d o powierzchni 300 m2 z widokiem na Dolomity Val di Fassa, z bezpo\u015brednim dost\u0119pem z hotelowego basenu, wyposa\u017cony jest w salon\/taras, k\u0105cik z altan\u0105, du\u017c\u0105 zielon\u0105 przestrze\u0144 z le\u017cakami, a wszystko to otoczone kwietnikami z kwiatami i krzewami typowymi dla Alp. Z ogrodu mo\u017cna korzysta\u0107 tak\u017ce wieczorem, gdy\u017c jest o\u015bwietlony<\/p>\n<p style=\"text-align: justify;\">Nasz ogr\u00f3d sensoryczny to nie tylko zielona przestrze\u0144, ale \u015brodowisko zaprojektowane tak, aby anga\u017cowa\u0107 wszystkie pi\u0119\u0107 zmys\u0142\u00f3w, oferuj\u0105c go\u015bciom wci\u0105gaj\u0105ce do\u015bwiadczenie spokoju, relaksu i dobrego samopoczucia i charakteryzuj\u0105ce si\u0119 bogat\u0105 r\u00f3\u017cnorodno\u015bci\u0105 drzew, ro\u015blin, krzew\u00f3w, pn\u0105czy. Starali\u015bmy si\u0119 jeszcze bardziej wzbogaci\u0107 t\u0119 przestrze\u0144, dodaj\u0105c karmnik, kt\u00f3ry zapewni schronienie ptakom, kt\u00f3re towarzysz\u0105 nam swoim \u015bpiewem.<\/p>\n<p style=\"text-align: justify;\">Nasz program letni, skupiaj\u0105cy si\u0119 na u\u017cytkowaniu ogrodu, ma na celu pobudzenie go\u015bcia do obserwacji, odkrywania i por\u00f3wnywania otaczaj\u0105cego \u015brodowiska na przestrzeni czasu. Zainteresowanie t\u0105 zewn\u0119trzn\u0105 przestrzeni\u0105, pe\u0142n\u0105 skarb\u00f3w, odkrywanie, zadziwianie i przekszta\u0142canie wyst\u0119puj\u0105cych w niej naturalnych materia\u0142\u00f3w, stanowi inspiracj\u0119 do r\u00f3\u017cnych dzia\u0142a\u0144.<\/p>\n<p style=\"text-align: justify;\">Przekonanie, \u017ce odkrycia dokonane w spotkaniu z natur\u0105 wywo\u0142uj\u0105 g\u0142\u0119bokie i niezast\u0105pione doznania i emocje, sk\u0142oni\u0142o nas do przemy\u015blenia i zaprojektowania wyj\u0105tkowych zak\u0105tk\u00f3w; doros\u0142y r\u00f3wnie\u017c czuje si\u0119 w pe\u0142ni zaanga\u017cowany i uczestnicz\u0105cy, towarzysz\u0105c dziecku w jego odkryciach, wspieraj\u0105c je i pomagaj\u0105c mu w ponownym przepracowaniu zdobytych do\u015bwiadcze\u0144.<\/p>\n<p>[\/vc_column_text][\/vc_column][\/vc_row][vc_row][vc_column width=&#8221;1\/4&#8243;][vc_single_image image=&#8221;6724&#8243; img_size=&#8221;400&#215;300&#8243;][\/vc_column][vc_column width=&#8221;1\/4&#8243;][vc_single_image image=&#8221;6732&#8243; img_size=&#8221;400&#215;300&#8243;][\/vc_column][vc_column width=&#8221;1\/4&#8243;][vc_single_image image=&#8221;6728&#8243; img_size=&#8221;400&#215;300&#8243;][\/vc_column][vc_column width=&#8221;1\/4&#8243;][vc_single_image image=&#8221;6736&#8243; img_size=&#8221;400&#215;300&#8243;][\/vc_column][\/vc_row][vc_row][vc_column][vc_column_text]<\/p>\n<p style=\"text-align: center;\">Ogr\u00f3d Hotell Rosa pozwala odkry\u0107 dobre samopoczucie i relaks poprzez kontakt z natur\u0105<\/p>\n<p>[\/vc_column_text][\/vc_column][\/vc_row][vc_row full_width=&#8221;stretch_row_content_no_spaces&#8221; css=&#8221;.vc_custom_1751531890623{background-color: #000000 !important;}&#8221;][vc_column][vc_gallery type=&#8221;image_grid&#8221; images=&#8221;6738,6742,6746,6750,6754,6786,6782,6790,6794,6798,6802,6758,6814,6762,6766,6770,6774,6778&#8243; img_size=&#8221;300&#215;200&#8243;][\/vc_column][\/vc_row]<\/p>\n","protected":false},"excerpt":{"rendered":"<p>[vc_row][vc_column][vc_column_text] Ogr\u00f3d Multisensoryczny Hotelu Rosa Multisensoryczne prze\u017cycie dla Go\u015bci Hotelu Rosa:dobre samopoczucie i relaks poprzez kontakt z natur\u0105 Nowy multisensoryczny ogr\u00f3d o powierzchni 300 m2 z widokiem na Dolomity Val di Fassa, z bezpo\u015brednim dost\u0119pem z hotelowego basenu, wyposa\u017cony jest w salon\/taras, k\u0105cik z altan\u0105, du\u017c\u0105 zielon\u0105 przestrze\u0144 z le\u017cakami, a wszystko to otoczone kwietnikami [&hellip;]<\/p>\n","protected":false},"author":2,"featured_media":0,"parent":0,"menu_order":0,"comment_status":"closed","ping_status":"closed","template":"","meta":{"_acf_changed":false,"footnotes":""},"class_list":["post-6366","page","type-page","status-publish","hentry"],"acf":[],"yoast_head":"<!-- This site is optimized with the Yoast SEO plugin v27.5 - https:\/\/yoast.com\/product\/yoast-seo-wordpress\/ -->\n<title>Ogr\u00f3d Multisensoryczny Hotelu Rosa<\/title>\n<meta name=\"description\" content=\"Multisensoryczny ogr\u00f3d Hotelu Rosa otoczony Dolomitami Val di Fassa, oaza spokoju, relaksu i dobrego samopoczucia\" \/>\n<meta name=\"robots\" content=\"index, follow, max-snippet:-1, max-image-preview:large, max-video-preview:-1\" \/>\n<link rel=\"canonical\" href=\"https:\/\/hotelrosa.biz\/pl\/ogrod-multisensoryczny.html\" \/>\n<meta property=\"og:locale\" content=\"pl_PL\" \/>\n<meta property=\"og:type\" content=\"article\" \/>\n<meta property=\"og:title\" content=\"Ogr\u00f3d Multisensoryczny Hotelu Rosa\" \/>\n<meta property=\"og:description\" content=\"Multisensoryczny ogr\u00f3d Hotelu Rosa otoczony Dolomitami Val di Fassa, oaza spokoju, relaksu i dobrego samopoczucia\" \/>\n<meta property=\"og:url\" content=\"https:\/\/hotelrosa.biz\/pl\/ogrod-multisensoryczny.html\" \/>\n<meta property=\"article:modified_time\" content=\"2025-07-03T17:43:17+00:00\" \/>\n<meta name=\"twitter:card\" content=\"summary_large_image\" \/>\n<meta name=\"twitter:label1\" content=\"Szacowany czas czytania\" \/>\n\t<meta name=\"twitter:data1\" content=\"6 minuty\" \/>\n<script type=\"application\/ld+json\" class=\"yoast-schema-graph\">{\"@context\":\"https:\\\/\\\/schema.org\",\"@graph\":[{\"@type\":\"WebPage\",\"@id\":\"https:\\\/\\\/hotelrosa.biz\\\/pl\\\/ogrod-multisensoryczny.html\",\"url\":\"https:\\\/\\\/hotelrosa.biz\\\/pl\\\/ogrod-multisensoryczny.html\",\"name\":\"Ogr\u00f3d Multisensoryczny Hotelu Rosa\",\"isPartOf\":{\"@id\":\"https:\\\/\\\/hotelrosa.biz\\\/#website\"},\"datePublished\":\"2025-03-11T14:50:21+00:00\",\"dateModified\":\"2025-07-03T17:43:17+00:00\",\"description\":\"Multisensoryczny ogr\u00f3d Hotelu Rosa otoczony Dolomitami Val di Fassa, oaza spokoju, relaksu i dobrego samopoczucia\",\"breadcrumb\":{\"@id\":\"https:\\\/\\\/hotelrosa.biz\\\/pl\\\/ogrod-multisensoryczny.html#breadcrumb\"},\"inLanguage\":\"pl-PL\",\"potentialAction\":[{\"@type\":\"ReadAction\",\"target\":[\"https:\\\/\\\/hotelrosa.biz\\\/pl\\\/ogrod-multisensoryczny.html\"]}]},{\"@type\":\"BreadcrumbList\",\"@id\":\"https:\\\/\\\/hotelrosa.biz\\\/pl\\\/ogrod-multisensoryczny.html#breadcrumb\",\"itemListElement\":[{\"@type\":\"ListItem\",\"position\":1,\"name\":\"Home\",\"item\":\"https:\\\/\\\/hotelrosa.biz\\\/pl\\\/\"},{\"@type\":\"ListItem\",\"position\":2,\"name\":\"Ogr\u00f3d Multisensoryczny\"}]},{\"@type\":\"WebSite\",\"@id\":\"https:\\\/\\\/hotelrosa.biz\\\/#website\",\"url\":\"https:\\\/\\\/hotelrosa.biz\\\/\",\"name\":\"\",\"description\":\"\",\"potentialAction\":[{\"@type\":\"SearchAction\",\"target\":{\"@type\":\"EntryPoint\",\"urlTemplate\":\"https:\\\/\\\/hotelrosa.biz\\\/?s={search_term_string}\"},\"query-input\":{\"@type\":\"PropertyValueSpecification\",\"valueRequired\":true,\"valueName\":\"search_term_string\"}}],\"inLanguage\":\"pl-PL\"}]}<\/script>\n<!-- \/ Yoast SEO plugin. -->","yoast_head_json":{"title":"Ogr\u00f3d Multisensoryczny Hotelu Rosa","description":"Multisensoryczny ogr\u00f3d Hotelu Rosa otoczony Dolomitami Val di Fassa, oaza spokoju, relaksu i dobrego samopoczucia","robots":{"index":"index","follow":"follow","max-snippet":"max-snippet:-1","max-image-preview":"max-image-preview:large","max-video-preview":"max-video-preview:-1"},"canonical":"https:\/\/hotelrosa.biz\/pl\/ogrod-multisensoryczny.html","og_locale":"pl_PL","og_type":"article","og_title":"Ogr\u00f3d Multisensoryczny Hotelu Rosa","og_description":"Multisensoryczny ogr\u00f3d Hotelu Rosa otoczony Dolomitami Val di Fassa, oaza spokoju, relaksu i dobrego samopoczucia","og_url":"https:\/\/hotelrosa.biz\/pl\/ogrod-multisensoryczny.html","article_modified_time":"2025-07-03T17:43:17+00:00","twitter_card":"summary_large_image","twitter_misc":{"Szacowany czas czytania":"6 minuty"},"schema":{"@context":"https:\/\/schema.org","@graph":[{"@type":"WebPage","@id":"https:\/\/hotelrosa.biz\/pl\/ogrod-multisensoryczny.html","url":"https:\/\/hotelrosa.biz\/pl\/ogrod-multisensoryczny.html","name":"Ogr\u00f3d Multisensoryczny Hotelu Rosa","isPartOf":{"@id":"https:\/\/hotelrosa.biz\/#website"},"datePublished":"2025-03-11T14:50:21+00:00","dateModified":"2025-07-03T17:43:17+00:00","description":"Multisensoryczny ogr\u00f3d Hotelu Rosa otoczony Dolomitami Val di Fassa, oaza spokoju, relaksu i dobrego samopoczucia","breadcrumb":{"@id":"https:\/\/hotelrosa.biz\/pl\/ogrod-multisensoryczny.html#breadcrumb"},"inLanguage":"pl-PL","potentialAction":[{"@type":"ReadAction","target":["https:\/\/hotelrosa.biz\/pl\/ogrod-multisensoryczny.html"]}]},{"@type":"BreadcrumbList","@id":"https:\/\/hotelrosa.biz\/pl\/ogrod-multisensoryczny.html#breadcrumb","itemListElement":[{"@type":"ListItem","position":1,"name":"Home","item":"https:\/\/hotelrosa.biz\/pl\/"},{"@type":"ListItem","position":2,"name":"Ogr\u00f3d Multisensoryczny"}]},{"@type":"WebSite","@id":"https:\/\/hotelrosa.biz\/#website","url":"https:\/\/hotelrosa.biz\/","name":"","description":"","potentialAction":[{"@type":"SearchAction","target":{"@type":"EntryPoint","urlTemplate":"https:\/\/hotelrosa.biz\/?s={search_term_string}"},"query-input":{"@type":"PropertyValueSpecification","valueRequired":true,"valueName":"search_term_string"}}],"inLanguage":"pl-PL"}]}},"_links":{"self":[{"href":"https:\/\/hotelrosa.biz\/pl\/wp-json\/wp\/v2\/pages\/6366\/"}],"collection":[{"href":"https:\/\/hotelrosa.biz\/pl\/wp-json\/wp\/v2\/pages\/"}],"about":[{"href":"https:\/\/hotelrosa.biz\/pl\/wp-json\/wp\/v2\/types\/page\/"}],"author":[{"embeddable":true,"href":"https:\/\/hotelrosa.biz\/pl\/wp-json\/wp\/v2\/users\/2\/"}],"replies":[{"embeddable":true,"href":"https:\/\/hotelrosa.biz\/pl\/wp-json\/wp\/v2\/comments\/?post=6366"}],"version-history":[{"count":7,"href":"https:\/\/hotelrosa.biz\/pl\/wp-json\/wp\/v2\/pages\/6366\/revisions\/"}],"predecessor-version":[{"id":6518,"href":"https:\/\/hotelrosa.biz\/pl\/wp-json\/wp\/v2\/pages\/6366\/revisions\/6518\/"}],"wp:attachment":[{"href":"https:\/\/hotelrosa.biz\/pl\/wp-json\/wp\/v2\/media\/?parent=6366"}],"curies":[{"name":"wp","href":"https:\/\/api.w.org\/{rel}","templated":true}]}}

Ogród Multisensoryczny

<p>[vc_row][vc_column][vc_column_text]</p>
<h1 style="text-align: center;"><span style="color: #cc9933;">Ogród Multisensoryczny Hotelu Rosa</span></h1>
<p style="text-align: justify;"><b><br />
Multisensoryczne przeżycie dla Gości Hotelu Rosa:</b>dobre samopoczucie i relaks poprzez kontakt z naturą</p>
<p style="text-align: justify;">Nowy multisensoryczny ogród o powierzchni 300 m2 z widokiem na Dolomity Val di Fassa, z bezpośrednim dostępem z hotelowego basenu, wyposażony jest w salon/taras, kącik z altaną, dużą zieloną przestrzeń z leżakami, a wszystko to otoczone kwietnikami z kwiatami i krzewami typowymi dla Alp. Z ogrodu można korzystać także wieczorem, gdyż jest oświetlony</p>
<p style="text-align: justify;">Nasz ogród sensoryczny to nie tylko zielona przestrzeń, ale środowisko zaprojektowane tak, aby angażować wszystkie pięć zmysłów, oferując gościom wciągające doświadczenie spokoju, relaksu i dobrego samopoczucia i charakteryzujące się bogatą różnorodnością drzew, roślin, krzewów, pnączy. Staraliśmy się jeszcze bardziej wzbogacić tę przestrzeń, dodając karmnik, który zapewni schronienie ptakom, które towarzyszą nam swoim śpiewem.</p>
<p style="text-align: justify;">Nasz program letni, skupiający się na użytkowaniu ogrodu, ma na celu pobudzenie gościa do obserwacji, odkrywania i porównywania otaczającego środowiska na przestrzeni czasu. Zainteresowanie tą zewnętrzną przestrzenią, pełną skarbów, odkrywanie, zadziwianie i przekształcanie występujących w niej naturalnych materiałów, stanowi inspirację do różnych działań.</p>
<p style="text-align: justify;">Przekonanie, że odkrycia dokonane w spotkaniu z naturą wywołują głębokie i niezastąpione doznania i emocje, skłoniło nas do przemyślenia i zaprojektowania wyjątkowych zakątków; dorosły również czuje się w pełni zaangażowany i uczestniczący, towarzysząc dziecku w jego odkryciach, wspierając je i pomagając mu w ponownym przepracowaniu zdobytych doświadczeń.</p>
<p>[/vc_column_text][/vc_column][/vc_row][vc_row][vc_column width=&#8221;1/4&#8243;][vc_single_image image=&#8221;6724&#8243; img_size=&#8221;400&#215;300&#8243;][/vc_column][vc_column width=&#8221;1/4&#8243;][vc_single_image image=&#8221;6732&#8243; img_size=&#8221;400&#215;300&#8243;][/vc_column][vc_column width=&#8221;1/4&#8243;][vc_single_image image=&#8221;6728&#8243; img_size=&#8221;400&#215;300&#8243;][/vc_column][vc_column width=&#8221;1/4&#8243;][vc_single_image image=&#8221;6736&#8243; img_size=&#8221;400&#215;300&#8243;][/vc_column][/vc_row][vc_row][vc_column][vc_column_text]</p>
<p style="text-align: center;">Ogród Hotell Rosa pozwala odkryć dobre samopoczucie i relaks poprzez kontakt z naturą</p>
<p>[/vc_column_text][/vc_column][/vc_row][vc_row full_width=&#8221;stretch_row_content_no_spaces&#8221; css=&#8221;.vc_custom_1751531890623{background-color: #000000 !important;}&#8221;][vc_column][vc_gallery type=&#8221;image_grid&#8221; images=&#8221;6738,6742,6746,6750,6754,6786,6782,6790,6794,6798,6802,6758,6814,6762,6766,6770,6774,6778&#8243; img_size=&#8221;300&#215;200&#8243;][/vc_column][/vc_row]</p>

<p>[vc_row][vc_column][vc_column_text] Ogród Multisensoryczny Hotelu Rosa Multisensoryczne przeżycie dla Gości Hotelu Rosa:dobre samopoczucie i relaks poprzez kontakt z naturą Nowy multisensoryczny ogród o powierzchni 300 m2 z widokiem na Dolomity Val di Fassa, z bezpośrednim dostępem z hotelowego basenu, wyposażony jest w salon/taras, kącik z altaną, dużą zieloną przestrzeń z leżakami, a wszystko to otoczone kwietnikami [&hellip;]</p>

<!-- This site is optimized with the Yoast SEO plugin v27.5 - https://yoast.com/product/yoast-seo-wordpress/ -->
<title>Ogród Multisensoryczny Hotelu Rosa</title>
<meta name="description" content="Multisensoryczny ogród Hotelu Rosa otoczony Dolomitami Val di Fassa, oaza spokoju, relaksu i dobrego samopoczucia" />
<meta name="robots" content="index, follow, max-snippet:-1, max-image-preview:large, max-video-preview:-1" />
<link rel="canonical" href="https://hotelrosa.biz/pl/ogrod-multisensoryczny.html" />
<meta property="og:locale" content="pl_PL" />
<meta property="og:type" content="article" />
<meta property="og:title" content="Ogród Multisensoryczny Hotelu Rosa" />
<meta property="og:description" content="Multisensoryczny ogród Hotelu Rosa otoczony Dolomitami Val di Fassa, oaza spokoju, relaksu i dobrego samopoczucia" />
<meta property="og:url" content="https://hotelrosa.biz/pl/ogrod-multisensoryczny.html" />
<meta property="article:modified_time" content="2025-07-03T17:43:17+00:00" />
<meta name="twitter:card" content="summary_large_image" />
<meta name="twitter:label1" content="Szacowany czas czytania" />
	<meta name="twitter:data1" content="6 minuty" />
<script type="application/ld+json" class="yoast-schema-graph">{"@context":"https:\/\/schema.org","@graph":[{"@type":"WebPage","@id":"https:\/\/hotelrosa.biz\/pl\/ogrod-multisensoryczny.html","url":"https:\/\/hotelrosa.biz\/pl\/ogrod-multisensoryczny.html","name":"Ogród Multisensoryczny Hotelu Rosa","isPartOf":{"@id":"https:\/\/hotelrosa.biz\/#website"},"datePublished":"2025-03-11T14:50:21+00:00","dateModified":"2025-07-03T17:43:17+00:00","description":"Multisensoryczny ogród Hotelu Rosa otoczony Dolomitami Val di Fassa, oaza spokoju, relaksu i dobrego samopoczucia","breadcrumb":{"@id":"https:\/\/hotelrosa.biz\/pl\/ogrod-multisensoryczny.html#breadcrumb"},"inLanguage":"pl-PL","potentialAction":[{"@type":"ReadAction","target":["https:\/\/hotelrosa.biz\/pl\/ogrod-multisensoryczny.html"]}]},{"@type":"BreadcrumbList","@id":"https:\/\/hotelrosa.biz\/pl\/ogrod-multisensoryczny.html#breadcrumb","itemListElement":[{"@type":"ListItem","position":1,"name":"Home","item":"https:\/\/hotelrosa.biz\/pl\/"},{"@type":"ListItem","position":2,"name":"Ogród Multisensoryczny"}]},{"@type":"WebSite","@id":"https:\/\/hotelrosa.biz\/#website","url":"https:\/\/hotelrosa.biz\/","name":"","description":"","potentialAction":[{"@type":"SearchAction","target":{"@type":"EntryPoint","urlTemplate":"https:\/\/hotelrosa.biz\/?s={search_term_string}"},"query-input":{"@type":"PropertyValueSpecification","valueRequired":true,"valueName":"search_term_string"}}],"inLanguage":"pl-PL"}]}</script>
<!-- / Yoast SEO plugin. -->

Ogród Multisensoryczny Hotelu Rosa

Multisensoryczny ogród Hotelu Rosa otoczony Dolomitami Val di Fassa, oaza spokoju, relaksu i dobrego samopoczucia
